t 217 (base 8) to base 11.
120
Convert -a (base 11) to base 3.
-101
What is 10011 (base 3) in base 8?
125
Convert 4 (base 14) to base 4.
10
What is 1 (base 8) in base 7?
1
-37 (base 16) to base 14
-3d
What is -10111 (base 2) in base 11?
-21
-24 (base 7) to base 12
-16
-123 (base 8) to base 7
-146
53 (base 13) to base 14
4c
What is 1111 (base 3) in base 8?
50
1 (base 10) to base 16
1
Convert 4 (base 12) to base 16.
4
Convert -1 (base 12) to base 7.
-1
Convert 40 (base 6) to base 16.
18
Convert -32 (base 7) to base 3.
-212
What is 232 (base 5) in base 14?
4b
Convert a (base 11) to base 13.
a
Convert 100 (base 2) to base 11.
4
What is -18 (base 9) in base 10?
-17
3 (base 16) to base 11
3
What is 101 (base 3) in base 9?
11
What is 6 (base 12) in base 14?
6
2 (base 3) to base 15
2
What is 144 (base 16) in base 5?
2244
42 (base 9) to base 11
35
What is 312 (base 6) in base 11?
a6
Convert 144 (base 5) to base 6.
121
1011011 (base 2) to base 15
61
11 (base 5) to base 4
12
Convert 1 (base 16) to base 12.
1
102 (base 3) to base 12
b
Convert 217 (base 11) to base 7.
521
0 (base 8) to base 9
0
Convert 131 (base 5) to base 3.
1112
What is 1233 (base 6) in base 9?
373
What is -44 (base 14) in base 11?
-55
Convert 5 (base 8) to base 6.
5
What is -1 (base 4) in base 7?
-1
Convert 521 (base 6) to base 7.
364
What is 2 (base 11) in base 13?
2
d (base 15) to base 12
11
4 (base 13) to base 7
4
What is 10 (base 3) in base 7?
3
Convert a1 (base 14) to base 4.
2031
201 (base 6) to base 3
2201
What is 23 (base 16) in base 13?
29
0 (base 10) to base 8
0
10 (base 3) to base 5
3
31 (base 8) to base 13
1c
What is -345 (base 7) in base 9?
-220
Convert -166 (base 8) to base 5.
-433
What is bf (base 16) in base 14?
d9
-b (base 15) to base 16
-b
What is -fe (base 16) in base 10?
-254
6 (base 11) to base 3
20
Convert 13 (base 14) to base 11.
16
Convert -3e (base 16) to base 7.
-116
14 (base 10) to base 7
20
Convert 11000 (base 2) to base 12.
20
Convert 33 (base 5) to base 14.
14
26 (base 14) to base 9
37
What is -59 (base 14) in base 16?
-4f
Convert 3 (base 9) to base 16.
3
What is -1 (base 8) in base 3?
-1
Convert 4 (base 16) to base 2.
100
Convert -19a (base 11) to base 6.
-1022
What is -36 (base 7) in base 13?
-21
-15 (base 9) to base 6
-22
-1 (base 15) to base 14
-1
Convert 11 (base 16) to base 11.
16
Convert 1010000 (base 2) to base 3.
2222
Convert -11 (base 16) to base 3.
-122
-1 (base 15) to base 10
-1
What is 10c (base 14) in base 13?
130
What is 9 (base 15) in base 14?
9
What is 1 (base 6) in base 16?
1
What is -6 (base 9) in base 14?
-6
2 (base 11) to base 12
2
-12 (base 8) to base 12
-a
What is -1 (base 16) in base 12?
-1
What is -c4 (base 14) in base 3?
-20101
41 (base 15) to base 11
56
Convert 3 (base 8) to base 14.
3
0 (base 12) to base 6
0
Convert 7 (base 8) to base 9.
7
Convert -2b (base 12) to base 10.
-35
6 (base 16) to base 11
6
Convert -11 (base 8) to base 9.
-10
What is 2002 (base 4) in base 2?
10000010
2b (base 12) to base 11
32
Convert 17 (base 9) to base 16.
10
What is 13 (base 10) in base 5?
23
Convert 13 (base 12) to base 2.
1111
What is 63 (base 7) in base 4?
231
Convert 96 (base 13) to base 3.
11120
What is -1 (base 11) in base 8?
-1
What is -1211 (base 3) in base 15?
-34
What is -20 (base 15) in base 9?
-33
-28 (base 11) to base 4
-132
8 (base 10) to base 3
22
Convert -3 (base 11) to base 12.
-3
Convert 350 (base 10) to base 15.
185
What is 14 (base 15) in base 2?
10011
-1 (base 4) to base 15
-1
443 (base 7) to base 10
227
1 (base 2) to base 8
1
1 (base 10) to base 5
1
What is 6 (base 9) in base 15?
6
Convert b (base 16) to base 15.
b
What is -27 (base 11) in base 9?
-32
Convert -13 (base 12) to base 14.
-11
What is -10010 (base 2) in base 16?
-12
Convert -20 (base 4) to base 15.
-8
What is -c (base 13) in base 5?
-22
-122 (base 6) to base 14
-38
Convert -5 (base 16) to base 14.
-5
-11010 (base 2) to base 8
-32
-20 (base 8) to base 6
-24
Convert -1 (base 11) to base 13.
-1
101 (base 2) to base 9
5
What is 3 (base 13) in base 15?
3
What is 15 (base 7) in base 12?
10
What is 14 (base 7) in base 5?
21
Convert 5 (base 11) to base 8.
5
-3 (base 5) to base 6
-3
Convert -466 (base 7) to base 10.
-244
What is 4 (base 16) in base 11?
4
Convert 7 (base 13) to base 15.
7
Convert a5 (base 13) to base 4.
2013
What is -16 (base 16) in base 11?
-20
What is 0 (base 9) in base 16?
0
What is 4a (base 11) in base 4?
312
Convert -11 (base 10) to base 6.
-15
1001011 (base 2) to base 3
2210
Convert -1 (base 16) to base 2.
-1
-18 (base 11) to base 16
-13
40 (base 7) to base 2
11100
Convert -3 (base 8) to base 12.
-3
Convert 7 (base 10) to base 14.
7
What is 3 (base 12) in base 16?
3
Convert 195 (base 10) to base 15.
d0
What is 10011000 (base 2) in base 16?
98
Convert -6 (base 11) to base 14.
-6
Convert -17 (base 16) to base 5.
-43
What is 3 (base 15) in base 2?
11
15 (base 8) to base 3
111
What is 8 (base 9) in base 3?
22
Convert 10 (base 6) to base 15.
6
What is -10101 (base 2) in base 3?
-210
-19 (base 12) to base 10
-21
What is 120 (base 12) in base 5?
1133
-133 (base 5) to base 3
-1121
Convert 105 (base 14) to base 13.
126
What is e (base 15) in base 7?
20
What is 10 (base 3) in base 4?
3
What is -3 (base 16) in base 9?
-3
Convert -4 (base 9) to base 16.
-4
What is 10 (base 3) in base 4?
3
Convert -3 (base 5) to base 11.
-3
What is 12 (base 9) in base 4?
23
-2031 (base 5) to base 3
-100212
Convert 91 (base 16) to base 9.
171
Convert 10010 (base 2) to base 13.
15
Convert 1 (base 16) to base 11.
1
Convert 1 (base 9) to base 15.
1
What is 31 (base 15) in base 16?
2e
-95 (base 14) to base 12
-ab
75 (base 12) to base 15
5e
Convert 334 (base 6) to base 14.
94
Convert -8 (base 16) to base 3.
-22
What is -1 (base 13) in base 4?
-1
Convert 0 (base 3) to base 8.
0
-17 (base 8) to base 3
-120
Convert 15 (base 12) to base 8.
21
Convert 3 (base 12) to base 13.
3
Convert -120 (base 3) to base 14.
-11
What is 124 (base 10) in base 2?
1111100
Convert 30 (base 5) to base 4.
33
-3 (base 14) to base 16
-3
Convert -3 (base 5) to base 15.
-3
-2 (base 16) to base 4
-2
What is -1000 (base 3) in base 15?
-1c
Convert 3 (base 13) to base 16.
3
What is -134 (base 6) in base 16?
-3a
What is 63 (base 15) in base 12?
79
-410 (base 6) to base 13
-b7
Convert -1103 (base 5) to base 3.
-12200
-65 (base 7) to base 3
-1202
What is 30 (base 5) in base 4?
33
Convert -19 (base 10) to base 4.
-103
Convert 0 (base 11) to base 3.
0
Convert -102 (base 5) to base 2.
-11011
Convert -40 (base 5) to base 9.
-22
What is 39 (base 16) in base 15?
3c
What is 15 (base 14) in base 4?
103
-4 (base 15) to base 16
-4
101 (base 2) to base 4
11
Convert 64 (base 8) to base 6.
124
2 (base 3) to base 8
2
What is 1102 (base 4) in base 13?
64
Convert 1132 (base 4) to base 10.
94
What is -7 (base 15) in base 16?
-7
What is 42 (base 7) in base 8?
36
What is -2 (base 7) in base 13?
-2
Convert 2 (base 4) to base 10.
2
What is -110 (base 5) in base 8?
-36
What is 0 (base 16) in base 7?
0
Convert -1 (base 4) to base 2.
-1
-356 (base 7) to base 14
-d6
-a (base 14) to base 6
-14
What is 15 (base 10) in base 14?
11
Convert -50 (base 9) to base 8.
-55
Convert -20 (base 14) to base 5.
-103
What is a8 (base 15) in base 2?
10011110
Convert -54 (base 11) to base 15.
-3e
2 (base 6) to base 13
2
Convert 4 (base 7) to base 3.
11
Convert 10101 (base 2) to base 11.
1a
What is 4 (base 14) in base 11?
4
Convert 3 (base 16) to base 7.
3
What is -7 (base 8) in base 16?
-7
Convert 2 (base 9) to base 11.
2
Convert -3 (base 13) to base 12.
-3
Convert 10 (base 4) to base 9.
4
-1a (base 11) to base 14
-17
What is 3 (base 7) in base 11?
3
-3 (base 10) to base 4
-3
33 (base 8) to base 5
102
Convert -2 (base 5) to base 15.
-2
What is 32 (base 4) in base 2?
1110
Convert 10 (base 3) to base 13.
3
-1 (base 12) to base 5
-1
-11 (base 9) to base 6
-14
1a (base 16) to base 7
35
What is 7 (base 8) in base 6?
11
Convert 130 (base 5) to base 12.
34
Convert -2 (base 6) to base 5.
-2
Convert 0 (base 14) to base 4.
0
c (base 16) to base 14
c
-6 (base 8) to base 5
-11
What is -13 (base 5) in base 15?
-8
Convert 0 (base 3) to base 11.
0
10 (base 2) to base 5
2
What is -14 (base 7) in base 9?
-12
What is -201 (base 5) in base 7?
-102
9a (base 14) to base 6
344
What is